.
11
Let f(d) = 2*d**2 - 13*d + 68. Calculate the remainder when 56 is divided by f(4).
8
Let l = 15 + -9. Let r = l - -7. What is the remainder when (51/2)/((-63)/18 + 4) is divided by r?
12
Let q be 76*21/28 - (-2 - -1). Suppose 7*v + q = 9*v. What is the remainder when v is divided by 11?
7
Let m(h) = h**3 + 5*h**2 - 7*h + 8. Suppose 2*n - 2 = 2*d - 0, -11 = d + n. Calculate the remainder when 25 is divided by m(d).
11
Let y = -89 + 138. Let s = y - 22. Calculate the remainder when 53 is divided by s.
26
Suppose -128*m + 144*m - 544 = 0. Let k(z) = 6*z**2 + 4. What is the remainder when k(-4) is divided by m?
32
Let u = -250 + 426. Let v = u + -107. Calculate the remainder when v is divided by 18.
15
What is the remainder when (-14178)/(-27) + (-2)/36*2 is divided by 48?
45
Suppose -2*u + 6 = 2. Suppose -u*w = -4*w + 50. What is the remainder when w is divided by 16?
9
Let f = -167 + 362. Suppose -5*v = -18*v + f. Calculate the remainder when v is divided by 5.
0
Let b(w) = w**3 + 3*w**2 - w + 82. What is the remainder when b(0) is divided by 54?
28
Suppose 0 = -2*w - 2*p + 222, 3*p + 21 = 3*w - 300. Let q(g) = 10*g - 54. Calculate the remainder when w is divided by q(7).
13
Let r(v) = 89*v - 71. What is the remainder when r(4) is divided by 59?
49
Suppose -t + 4 = 2*h, h + 3 = -t + 3*t. Suppose 2*w - 17 = h. Calculate the remainder when 2/10 - (-174)/5 is divided by w.
8
Suppose 0 = -4*y + 4*z + 96, -2*z + 4*z = -5*y + 113. Let s(n) = 60*n - 534. Calculate the remainder when y is divided by s(9).
5
Calculate the remainder when (-1100)/(-44) - (-3)/((-6)/(-10)) is divided by 19.
11
Let z = 495 + -381. What is the remainder when z is divided by 42?
30
Let a be 2/(-5) - (-177)/5. Let s = 58 - a. What is the remainder when 66 is divided by s?
20
Let q(v) = 20*v. Let g be q(3). Calculate the remainder when (-24)/16*8/(-18)*g is divided by 7.
5
Let s = -619 - -1209. Calculate the remainder when s is divided by 37.
35
Let b = 31 - -58. Calculate the remainder when b is divided by 13.
11
Suppose 5*g + 3*t - 120 = -2*t, -g = 2*t - 23. Suppose -3*j - 2*j = -x + 11, -x = 4*j + g. Calculate the remainder when 6/x*(-61 - -1) is divided by 14.
12
Let z(y) = -4*y**2 - y + 2. Let m(c) = c**3 - c - 1. Let v(b) = -2*m(b) - z(b). Calculate the remainder when 2/5 - (-253)/5 is divided by v(-2).
25
Let x = 261 - 253. What is the remainder when 51 is divided by x?
3
Let s(h) = h**3 + 13*h**2 + 16*h - 12. What is the remainder when s(-5) is divided by 33?
9
Suppose 2*n - 6*n + 4 = 0. What is the remainder when 67 is divided by n/((-3)/102*-2)?
16
Suppose 3*p + 3 - 9 = 0. Suppose -2*h - 3*b = p, 2*h = 7*h - 5*b - 45. Let w(n) = -4*n - 5. What is the remainder when w(-6) is divided by h?
4
Suppose -2*y + 128 = 2*s, 17 = 3*s - 3*y - 163. What is the remainder when s is divided by 16?
14
Suppose 0 = 20*q - 85750 + 6750. Calculate the remainder when q is divided by 19.
17
Let i = 2 - -1. Suppose 32 = 5*p - i. Calculate the remainder when ((1 - 2) + p)*6 is divided by 19.
17
Let s = 149 - 138. Let w(z) = z**2 + 5*z + 7. Calculate the remainder when w(6) is divided by s.
7
Suppose 2*s = 5*z - 231 - 48, -102 = -2*z + 4*s. Calculate the remainder when z is divided by 48.
9
Let f = -486 - -497. Calculate the remainder when 978 is divided by f.
10
Let c = 20 - 12. Let r(p) = 2*p**2 + p - 3. Let m be r(-2). Suppose 0 = -5*x + m*x + c. Calculate the remainder when 17 is divided by x.
1
Suppose k = -105 + 29. Let f = 8 - k. What is the remainder when f is divided by 29?
26
Let u = 18 + -16. Calculate the remainder when (u/(-4))/(4/(-104)) is divided by 4.
1
Let v = 7 - -8. Let f = v - 7. What is the remainder when 31 is divided by f?
7
Let r = 825 - 814. Calculate the remainder when 17 is divided by r.
6
Let v(g) = g**3 - 6*g**2 - 5*g + 6. Let a(c) = -c**2 + 8*c. Let n be a(7). Calculate the remainder when 37 is divided by v(n).
17
What is the remainder when (-17)/((-2)/(-4) - 1) is divided by 12?
10
Let a(m) = 24 - m**2 - m**3 - 3*m**2 + m**2 + m. Calculate the remainder when a(0) is divided by 7.
3
Let v = 0 - -2. Suppose v*k = 64 + 110. What is the remainder when k is divided by 45?
42
Let h(t) = 8*t + 217. What is the remainder when h(-17) is divided by 5?
1
Suppose -3*j - 4*v - 12 = 0, -j + 0 + 15 = -5*v. Suppose 0 = d + 3*g - 21, j = -0*d - 2*d - 5*g + 43. Calculate the remainder when 94 is divided by d.
22
Let o = 27 + -34. Let f(s) = 3*s**2 - 15*s - 5. Let c(a) = a**2 - 7*a - 2. Let n(q) = -5*c(q) + 2*f(q). Calculate the remainder when 41 is divided by n(o).
13
Suppose -5*h + 99 = -n - 22, 2*h = -2*n + 58. What is the remainder when h is divided by 2?
1
Let g = -7 + 55. Calculate the remainder when g is divided by (4 + -3)/(2/34).
14
Let g(k) = k**3 - 7*k**2 + 3*k + 7. Let m = -2 + 4. Suppose 4*i = 3*z + 102, -3*i - 5*z + 66 = -m*z. What is the remainder when g(8) is divided by i?
23
Let q = -9 + 34. What is the remainder when 0/(-1) - (4 + -3 - q) is divided by 5?
4
Let s = -552 + 563. Suppose -2*l - 28 = -2*o, -4*o + 26 = 4*l - 22. Calculate the remainder when o is divided by s.
2
Let t = 66 - -93. What is the remainder when t is divided by 40?
39
Suppose -3*o - i = o - 259, 2*o - i = 131. Suppose 0 = 3*h - o - 268. Calculate the remainder when h is divided by 16.
15
Let f(b) = 36*b + 6. Let j = -28 - -30. What is the remainder when f(j) is divided by 20?
18
Suppose 0 = 123*w - 110*w - 143. Calculate the remainder when 296 is divided by w.
10
Let u be 2/(-7) - 88/(-14). Suppose -g - u = -4*g. Let d = -126 - -132. What is the remainder when d is divided by g?
0
Calculate the remainder when 22 is divided by 1/(-3 + (-245)/(-80)) + 3.
3
Calculate the remainder when 82 is divided by (-21 + 30)/(6*2/28).
19
Let p(i) = 18*i - 2. Let t(s) = s**2 - 12*s + 13. Let v be t(11). Let m be p(v). Let h = m - 22. What is the remainder when h is divided by 7?
5
Calculate the remainder when -6 + 6903/27 + 1/3 is divided by 64.
58
Let p(g) = 8*g**2 - 8*g + 47. Calculate the remainder when p(5) is divided by 16.
15
Calculate the remainder when 1100 is divided by 3/(-3) + (-2 - -20).
12
Suppose -349 - 406 = 5*h. Let y = h + 248. Suppose -10*p + 9*p + 25 = 0. Calculate the remainder when y is divided by p.
22
Let h(i) = -i**2 + 32*i + 39. Suppose 0 = 2*z + 12 - 32. Calculate the remainder when h(32) is divided by z.
9
Suppose 36*z + 5 = 41*z. Suppose 5 = 5*f, u = -f + z + 12. What is the remainder when 1*23*(-3)/(-3) is divided by u?
11
Let v be 2/(3 + (-172)/56). Let w = -21 - v. Let i(p) = p**3 - 8*p**2 + 9*p + 3. Calculate the remainder when 50 is divided by i(w).
16
Suppose -21*s + 30*s - 2280 = -111*s. Suppose 0 = -3*r + 9, 2*r = -4*b - r + 9. Calculate the remainder when s is divided by b*(-1)/2 + 5.
4
Suppose -3*v + 108 = 2*m, -110 = -4*v - 5*m + 27. What is the remainder when v is divided by 27?
11
Suppose 5*n + 2*p + 63 = 0, -2*n - 12 = p + 13. Let t = 31 + n. What is the remainder when t is divided by 11?
7
Suppose 0*z - 3*i = 3*z + 75, 3*z = 3*i - 93. Suppose 186 = -0*r + 3*r. What is the remainder when r is divided by z/(-21) - 88/(-6)?
14
Let h(c) = -60*c**3 + c**2 - 2. Let p be ((-8)/12)/((-2)/12*-4). Calculate the remainder when 234 is divided by h(p).
57
Suppose -d - 3*a = a - 276, 0 = 3*d + 5*a - 849. Calculate the remainder when ((-2)/(-6) + -2)/((-2)/d) is divided by 27.
24
Let x(f) = f**3 + 5*f**2 + 2*f + 11. Let v be x(-5). Let w(u) = -v + 2*u - 13*u + 3*u - u**2. Calculate the remainder when w(-6) is divided by 4.
3
Let z(u) = 50*u**3 + 1. Calculate the remainder when 146 is divided by z(1).
44
Suppose -6 - 74 = -5*o. Let j(m) = -2*m - 44. Let r be j(-20). Let b = r - -32. What is the remainder when b is divided by o?
12
Suppose -5*g + 15*g = 100. What is the remainder when 2/g + 1895/25 is divided by 39?
37
Calculate the remainder when (-185)/10*(-4 + 2) is divided by 25.
12
Let u = 7 - -22. What is the remainder when u is divided by 16?
13
Suppose 71*x + 243 = 74*x. Calculate the remainder when 314 is divided by x.
71
Let p = -66 + 88. Calculate the remainder when 84 is divided by p.
18
Let k = 40 - 30. Let o = k + 39. What is the remainder when 191 is divided by o?
44
Let f = 75 + -27. Calculate the remainder when 236 is divided by f.
44
Let z = -12 + 14. Su